he units digit of 1577527033?
3
What is the thousands digit of 5140850332?
0
What is the ten thousands digit of 57429915?
2
What is the hundred thousands digit of 684758551?
7
What is the thousands digit of 44595420?
5
What is the hundred thousands digit of 15135840?
1
What is the units digit of 9083611?
1
What is the hundreds digit of 93882552?
5
What is the hundreds digit of 223093180?
1
What is the tens digit of 165115771?
7
What is the thousands digit of 12421177?
1
What is the ten thousands digit of 138607207?
0
What is the thousands digit of 761040901?
0
What is the ten millions digit of 370071377?
7
What is the hundreds digit of 222638996?
9
What is the ten thousands digit of 1515633705?
3
What is the hundred millions digit of 946969662?
9
What is the ten thousands digit of 3147681611?
8
What is the tens digit of 693835390?
9
What is the hundred thousands digit of 43576816?
5
What is the hundred thousands digit of 1557267300?
2
What is the thousands digit of 1064043960?
3
What is the hundred millions digit of 1678335582?
6
What is the hundreds digit of 624786445?
4
What is the hundred thousands digit of 469198717?
1
What is the ten millions digit of 6304245183?
0
What is the tens digit of 799442404?
0
What is the ten thousands digit of 22696006?
9
What is the millions digit of 6393657289?
3
What is the billions digit of 5076627932?
5
What is the ten millions digit of 20068783?
2
What is the hundred millions digit of 583425026?
5
What is the millions digit of 4382407898?
2
What is the ten millions digit of 250546260?
5
What is the hundred thousands digit of 4642670?
6
What is the units digit of 347575018?
8
What is the thousands digit of 1315410036?
0
What is the units digit of 668441257?
7
What is the thousands digit of 11434406?
4
What is the thousands digit of 517007367?
7
What is the billions digit of 1589985905?
1
What is the ten millions digit of 60590578?
6
What is the tens digit of 43110644?
4
What is the thousands digit of 769857884?
7
What is the units digit of 2876881624?
4
What is the units digit of 85040215?
5
What is the millions digit of 1405150936?
5
What is the ten millions digit of 38032701?
3
What is the units digit of 40740520?
0
What is the thousands digit of 735750246?
0
What is the ten millions digit of 10822844?
1
What is the thousands digit of 8843094003?
4
What is the hundred thousands digit of 930488397?
4
What is the tens digit of 560020633?
3
What is the thousands digit of 479797261?
7
What is the hundred millions digit of 109280696?
1
What is the ten millions digit of 12913204?
1
What is the units digit of 150562704?
4
What is the ten thousands digit of 467387523?
8
What is the millions digit of 157797634?
7
What is the hundred millions digit of 3618602392?
6
What is the hundred thousands digit of 158309027?
3
What is the ten millions digit of 289563620?
8
What is the millions digit of 285096049?
5
What is the ten thousands digit of 184149355?
4
What is the tens digit of 12779185?
8
What is the hundreds digit of 5558676713?
7
What is the thousands digit of 50190819?
0
What is the billions digit of 1367091521?
1
What is the ten millions digit of 12868118?
1
What is the hundred thousands digit of 85206726?
2
What is the hundred thousands digit of 4833346281?
3
What is the tens digit of 1101572552?
5
What is the hundreds digit of 183223392?
3
What is the hundreds digit of 1116292?
2
What is the millions digit of 229847502?
9
What is the ten millions digit of 1154735251?
5
What is the millions digit of 22788012?
2
What is the millions digit of 632880527?
2
What is the ten millions digit of 47156730?
4
What is the ten millions digit of 1367609764?
6
What is the thousands digit of 3335321046?
1
What is the ten millions digit of 87319014?
8
What is the ten thousands digit of 110395294?
9
What is the hundreds digit of 9228875?
8
What is the hundred thousands digit of 11602095?
6
What is the millions digit of 566415770?
6
What is the units digit of 258338218?
8
What is the ten thousands digit of 25692342?
9
What is the ten millions digit of 296520486?
9
What is the ten thousands digit of 1172520805?
2
What is the ten thousands digit of 2662509854?
0
What is the hundred millions digit of 830905768?
8
What is the hundred thousands digit of 42584088?
5
What is the ten millions digit of 47097237?
4
What is the hundreds digit of 176422790?
7
What is the tens digit of 123748030?
3
What is the tens digit of 170790102?
0
What is the thousands digit of 44571822?
1
What is the ten millions digit of 3818801105?
1
What is the millions digit of 403478278?
3
What is the hundreds digit of 208104578?
5
What is the ten thousands digit of 27176211?
7
What is the hundreds digit of 871785678?
6
What is the hundreds digit of 74002162?
1
What is the billions digit of 8681681593?
8
What is the hundred thousands digit of 85523011?
5
What is the hundred thousands digit of 314342463?
3
What is the hundreds digit of 2410539?
5
What is the millions digit of 120271901?
0
What is the billions digit of 8007343331?
8
What is the tens digit of 1414278706?
0
What is the ten millions digit of 311506734?
1
What is the hundred millions digit of 339242204?
3
What is the thousands digit of 68461314?
1
What is the thousands digit of 760378215?
8
What is the tens digit of 256976677?
7
What is the hundred millions digit of 4098897537?
0
What is the thousands digit of 133732106?
2
What is the billions digit of 1423813938?
1
What is the hundred millions digit of 1262525162?
2
What is the tens digit of 3787947060?
6
What is the millions digit of 166497407?
6
What is the units digit of 236915839?
9
What is the ten millions digit of 75910225?
7
What is the tens digit of 19221803?
0
What is the hundreds digit of 85374861?
8
What is the ten thousands digit of 619106822?
0
What is the tens digit of 84418047?
4
What is the millions digit of 197705946?
7
What is the ten thousands digit of 8353930713?
3
What is the hundred thousands digit of 54969625?
9
What is the tens digit of 887973616?
1
What is the billions digit of 1341243520?
1
What is the hundreds digit of 61341660?
6
What is the millions digit of 106238261?
6
What is the tens digit of 26112965?
6
What is the hundreds digit of 25286091?
0
What is the hundred millions digit of 214043604?
2
What is the units digit of 289948044?
4
What is the hundred thousands digit of 1271147850?
1
What is the hundred millions digit of 181032327?
1
What is the hundred thousands digit of 184926525?
9
What is the hundreds digit of 93764404?
4
What is the ten thousands digit of 4356277506?
7
What is the thousands digit of 1369448664?
8
What is the millions digit of 178303311?
8
What is the hundred millions digit of 1201918052?
2
What is the ten thousands digit of 1325935616?
3
What is the ten thousands digit of 4288209?
8
What is the ten millions digit of 61903005?
6
What is the ten millions digit of 2522234418?
2
What is the ten thousands digit of 3127454983?
5
What is the ten millions digit of 4481673812?
8
What is the thousands digit of 43309655?
9
What is the thousands digit of 2158449978?
9
What is the hundreds digit of 66804263?
2
What is the hundreds digit of 17440669?
6
What is the hundreds digit of 350885851?
8
What is the units digit of 368613692?
2
What is the hundred thousands digit of 152791997?
7
What is the hundred millions digit of 2001191497?
0
What is the ten thousands digit of 918565?
1
What is the tens digit of 26493416?
1
What is the ten millions digit of 295401431?
9
What is the thousands digit of 1061240495?
0
What is the hundred millions digit of 234807129?
2
What is the hundred thousands digit of 15200750?
2
What is the thousands digit of 468933578?
3
What is the tens digit of 4967670346?
4
What is the thousands digit of 1319252894?
2
What is the units digit of 3204255?
5
What is the hundred millions digit of 6632051227?
6
What is the hundred thousands digit of 2274604275?
6
What is the thousands digit of 20712740?
2
What is the ten millions digit of 551856929?
5
What is the ten thousands digit of 9368749?
6
What is the units digit of 635328093?
3
What is the hundred thousands digit of 100684544?
6
What is the tens digit of 1254843258?
5
What is the ten thousands digit of 54993734?
9
What is the ten tho